606.
459
Calculate the greatest common divisor of 922249 and 218.
109
Calculate the highest common divisor of 2414540 and 920.
460
Calculate the highest common divisor of 16866 and 18.
18
Calculate the greatest common divisor of 58956 and 32.
4
Calculate the highest common factor of 5588 and 11352.
44
Calculate the highest common factor of 5676 and 27192.
132
Calculate the highest common factor of 44 and 1605252.
44
Calculate the greatest common factor of 337 and 96719.
337
What is the highest common factor of 3332 and 75684?
476
What is the highest common factor of 1729 and 5719?
133
Calculate the greatest common factor of 78529 and 2537.
59
Calculate the highest common divisor of 2484256 and 348.
116
Calculate the greatest common divisor of 13248 and 504.
72
What is the greatest common factor of 1440 and 190908?
36
What is the greatest common factor of 23740 and 4820?
20
What is the highest common divisor of 51 and 7203971?
17
What is the greatest common factor of 600 and 19050?
150
Calculate the greatest common divisor of 20669 and 308.
11
Calculate the greatest common divisor of 19712 and 966.
14
Calculate the greatest common divisor of 3 and 403206.
3
What is the highest common divisor of 30 and 33888?
6
What is the greatest common factor of 17087 and 7?
7
What is the greatest common factor of 19044 and 36?
36
Calculate the greatest common divisor of 3606 and 150.
6
Calculate the greatest common factor of 3105 and 1656.
207
Calculate the highest common factor of 4638 and 66.
6
Calculate the highest common divisor of 2276 and 1660342.
1138
What is the greatest common divisor of 1860 and 129828?
372
What is the highest common divisor of 2533128 and 138?
138
Calculate the greatest common divisor of 20875 and 25.
25
What is the greatest common divisor of 200210 and 250?
10
Calculate the greatest common factor of 786 and 770018.
262
What is the greatest common divisor of 935 and 75735?
935
Calculate the highest common divisor of 24 and 25746.
6
Calculate the highest common factor of 152904 and 1385.
277
Calculate the greatest common factor of 1993000 and 3000.
1000
Calculate the greatest common divisor of 3460470 and 15.
15
What is the highest common divisor of 56 and 1720?
8
Calculate the greatest common divisor of 882744 and 432.
24
What is the greatest common factor of 1539 and 14661?
81
Calculate the highest common divisor of 230018 and 4888.
94
Calculate the highest common divisor of 296 and 424.
8
Calculate the highest common factor of 30772 and 3332.
196
Calculate the highest common divisor of 15066 and 36.
18
Calculate the highest common factor of 104588 and 99.
11
What is the highest common factor of 224123 and 79?
79
Calculate the greatest common factor of 122 and 326594.
122
Calculate the greatest common factor of 216 and 1332.
36
What is the greatest common divisor of 520 and 33240?
40
Calculate the highest common factor of 1075 and 48525.
25
What is the greatest common divisor of 4205 and 2610?
145
Calculate the highest common divisor of 10693 and 20091.
37
Calculate the highest common divisor of 7111 and 169.
13
What is the greatest common factor of 2495 and 920?
5
What is the highest common divisor of 98 and 55202?
14
Calculate the highest common factor of 4930 and 136.
34
Calculate the greatest common divisor of 105 and 625.
5
What is the highest common factor of 247806 and 9126?
702
What is the highest common divisor of 1085 and 35?
35
What is the greatest common factor of 472 and 803698?
118
Calculate the greatest common factor of 25750 and 2266.
206
What is the highest common divisor of 44736 and 96?
96
What is the highest common divisor of 18731936 and 92?
92
Calculate the greatest common factor of 21 and 192171.
21
Calculate the greatest common factor of 53514 and 162.
54
Calculate the greatest common factor of 160865 and 10.
5
Calculate the highest common factor of 4994 and 1562.
22
Calculate the greatest common divisor of 1019250 and 567.
27
What is the highest common divisor of 8955 and 1140867?
1791
What is the highest common factor of 108544 and 106?
106
What is the highest common divisor of 1687 and 5488?
7
What is the highest common divisor of 287024 and 432?
16
Calculate the highest common factor of 28096 and 464.
16
Calculate the highest common divisor of 396 and 17325.
99
Calculate the highest common divisor of 65049 and 13.
1
Calculate the highest common factor of 3245712 and 36.
12
Calculate the greatest common divisor of 994683 and 9039.
393
What is the highest common factor of 320 and 137680?
80
Calculate the highest common factor of 5453 and 34181.
133
Calculate the greatest common divisor of 5432 and 23474.
194
Calculate the greatest common divisor of 40 and 7520840.
40
Calculate the greatest common factor of 95 and 13505.
5
What is the greatest common factor of 98 and 1609405?
49
Calculate the greatest common divisor of 77 and 38612.
7
What is the greatest common factor of 10 and 789420?
10
Calculate the greatest common factor of 15509 and 455.
13
Calculate the greatest common divisor of 243 and 252477.
243
Calculate the greatest common divisor of 168 and 10794.
42
Calculate the highest common divisor of 14625 and 2691.
117
Calculate the greatest common factor of 14 and 1116024.
14
Calculate the highest common divisor of 69 and 68793.
69
Calculate the highest common divisor of 1960 and 123550.
70
Calculate the highest common factor of 13185732 and 12.
12
What is the highest common divisor of 22680 and 15960?
840
What is the highest common divisor of 14 and 1324162?
14
What is the highest common factor of 4558 and 2494?
86
Calculate the greatest common factor of 1762 and 4311614.
1762
Calculate the highest common factor of 261134 and 944.
118
What is the greatest common factor of 856 and 57352?
856
Calculate the greatest common divisor of 4464 and 226548.
1116
Calculate the greatest common factor of 210088 and 8.
8
What is the highest common divisor of 1230 and 1380?
30
What is the highest common factor of 2136430 and 30?
10
Calculate the greatest common divisor of 1541 and 14237.
23
What is the greatest common divisor of 13572 and 972?
36
Calculate the highest common factor of 160 and 253490.
10
What is the greatest common divisor of 10602 and 204?
6
Calculate the greatest common divisor of 114399 and 1026.
513
What is the greatest common divisor of 705 and 255680?
235
What is the highest common divisor of 100 and 653150?
50
What is the greatest common divisor of 16467 and 45409?
499
What is the greatest common factor of 170 and 306?
34
Calculate the highest common factor of 177296 and 112.
112
Calculate the greatest common divisor of 55913 and 2047.
23
Calculate the greatest common divisor of 6 and 18597.
3
Calculate the greatest common divisor of 16 and 3278192.
16
What is the greatest common factor of 4761 and 9?
9
Calculate the highest common factor of 538485 and 15.
15
What is the highest common factor of 741 and 19513?
247
What is the greatest common divisor of 300 and 132420?
60
Calculate the greatest common factor of 3 and 157161.
3
Calculate the highest common factor of 8 and 129048.
8
Calculate the highest common divisor of 1542 and 114.
6
What is the highest common divisor of 6853 and 58058?
77
Calculate the greatest common factor of 498174 and 2844.
474
Calculate the greatest common factor of 36853 and 1345.
269
What is the greatest common factor of 203574 and 168?
42
What is the highest common divisor of 737 and 3773?
11
What is the greatest common divisor of 32 and 356240?
16
Calculate the greatest common divisor of 99488 and 480.
32
What is the greatest common factor of 96 and 32808?
24
What is the greatest common factor of 30301 and 965?
193
Calculate the highest common divisor of 477046 and 679.
97
Calculate the greatest common factor of 10240 and 50.
10
What is the highest common divisor of 141855 and 455?
35
Calculate the highest common divisor of 345956 and 156.
52
Calculate the greatest common divisor of 968 and 499004.
484
Calculate the highest common factor of 20020 and 3300.
220
What is the greatest common factor of 583 and 6963?
11
Calculate the highest common divisor of 219 and 231.
3
What is the highest common divisor of 11590 and 4370?
190
What is the greatest common factor